{"id":4201,"date":"2025-08-14T20:32:53","date_gmt":"2025-08-14T20:32:53","guid":{"rendered":"https:\/\/ifsd.ca\/?post_type=media-commentary&#038;p=4201"},"modified":"2025-08-14T20:32:53","modified_gmt":"2025-08-14T20:32:53","slug":"le-projet-de-reduction-du-budget-des-services-aux-autochtones-denonce","status":"publish","type":"media-commentary","link":"https:\/\/ifsd.ca\/fr\/media-commentary\/le-projet-de-reduction-du-budget-des-services-aux-autochtones-denonce\/","title":{"rendered":"Le projet de r\u00e9duction du budget des services aux Autochtones d\u00e9nonc\u00e9"},"featured_media":0,"template":"","meta":{"_acf_changed":false},"class_list":["post-4201","media-commentary","type-media-commentary","status-publish","hentry"],"acf":[],"_links":{"self":[{"href":"https:\/\/ifsd.ca\/fr\/wp-json\/wp\/v2\/media-commentary\/4201","targetHints":{"allow":["GET"]}}],"collection":[{"href":"https:\/\/ifsd.ca\/fr\/wp-json\/wp\/v2\/media-commentary"}],"about":[{"href":"https:\/\/ifsd.ca\/fr\/wp-json\/wp\/v2\/types\/media-commentary"}],"wp:attachment":[{"href":"https:\/\/ifsd.ca\/fr\/wp-json\/wp\/v2\/media?parent=4201"}],"curies":[{"name":"wp","href":"https:\/\/api.w.org\/{rel}","templated":true}]}}

Le projet de réduction du budget des services aux Autochtones dénoncé
